et v = 9 - 9. Suppose v*p - 3*p = -2*t + 25, -4*p + 4*t - 40 = 0. Let w(b) = -b - 5. What is w(p)?
0
Let z(o) be the first derivative of -1/3*o**3 - 6 + 0*o - o**2. Calculate z(-3).
-3
Let a(s) = -3 - 3 + 0 - 2*s. Let y be a(-4). Let f(m) = -m**2 - 3 - m**2 + m**y - 5*m. Calculate f(-3).
3
Let h(p) = -3*p - p + 2*p + 5*p + 6. Let t(v) = 8*v + 17. Let z(m) = -11*h(m) + 4*t(m). Give z(0).
2
Let g(a) = 160 - 320 - 6*a + 161. Calculate g(1).
-5
Let c(u) = 2*u - 2. Let p(n) = -3*n + 3. Let x(t) = -7*c(t) - 5*p(t). Calculate x(-4).
-5
Let c(x) be the second derivative of x**4/12 - x**2/2 - 2*x. Let q(v) = -v**3 - 4*v**2 + 3. Let l = -33 + 34. Let p(b) = l*q(b) + 4*c(b). What is p(0)?
-1
Let g be 0/((-5 - 3)/(-4)). Let n(i) = -i + 5. What is n(g)?
5
Let w be (-1)/(6/(-4) + 1). Let p = w + -1. Suppose -2*c = -10, -c + p + 10 = -3*h. Let j(d) = -2*d - 1. What is j(h)?
3
Let a(z) = -z**2 + 2*z + 3. Let g be ((-8)/3)/((-14)/21). Calculate a(g).
-5
Let v(b) = -3*b**3 - 2*b**2 + b. Suppose -7*g = 3 - 10. Give v(g).
-4
Let w(t) = -t**3 + t**2 + 5*t - 2. Let l(r) = 9 - 4*r - r**3 + 2 + 3*r + 8*r**2. Let n be l(8). What is w(n)?
-5
Let x(o) = -o**3 + 2*o**2 + 12*o + 2. Let m(h) = -h**3 + 3*h**2 + 11*h + 1. Let u(v) = 4*m(v) - 3*x(v). Determine u(7).
5
Let g(k) be the first derivative of -k**5/60 - k**4/4 - k**3/2 + k**2/2 + 10. Let t(s) be the second derivative of g(s). Determine t(-6).
-3
Let d(q) = -q**3 + 6*q**2 - 6*q + 7. Let b be d(5). Let c(w) = w**b + w**3 - 4*w**2 - 2*w**2. Determine c(5).
0
Suppose 0 - 3 = -3*c. Suppose -3*n = c - 4. Let a(y) = y - y - 6*y + n - y. What is a(1)?
-6
Let r = -8 + 5. Let d = -1 - r. Let h(f) = 2*f - 3*f + d*f + 8. Give h(-6).
2
Let k(a) = a**3 - 2*a**2 - 4*a + 4. Suppose -1 = 2*b - 7. Let z be k(b). Let f(t) = t**3 + t**2 + t - 1. Determine f(z).
2
Let h(v) = -5*v**3 - 9*v**2 + 5*v + 20. Let r(y) = -y**3 + y**2 + y + 5. Let n(a) = -a**2. Let f(s) = -3*n(s) - r(s). Let l(z) = -9*f(z) - 2*h(z). Give l(0).
5
Let c(n) be the second derivative of -n**5/30 + n**4/8 + n**3/2 + n**2 - n. Let r(v) be the first derivative of c(v). What is r(3)?
-6
Let p(v) be the second derivative of -v**6/120 - v**5/15 - v**4/24 + 5*v**3/6 + 3*v**2/2 + 5*v. Let f(g) be the first derivative of p(g). Calculate f(-4).
9
Let p(b) be the third derivative of -b**4/24 - b**3/3 - 2*b**2. Let r be (72/48)/(0 + 6/(-16)). Determine p(r).
2
Let j be (-15)/10*16/(-6). Suppose -j = 3*z + 2, -10 = -4*u + z. Let n(b) = -b - 1. Determine n(u).
-3
Let m(o) = 3 - 4 - o**2 - 6*o + 0. Let z = -112 - -107. Give m(z).
4
Let q(x) = x**3 - 4*x**2 - 9*x - 1. Let f(g) = g**2 - g. Let b(p) = 2*f(p) - q(p). Give b(7).
1
Let m(f) = 3*f + 20. Let g be m(-8). Let y(s) be the third derivative of s**6/120 + s**5/20 - s**4/24 + s**3/3 + s**2. Calculate y(g).
-10
Let c(s) be the second derivative of -s**4/12 + 4*s**3/3 - 3*s**2 + s. Let l(w) = 0*w - 5*w + 3*w + w + 12. Let i be l(8). Give c(i).
10
Let v(i) be the third derivative of -i**4/24 - 2*i**3/3 + 14*i**2. Give v(-4).
0
Let d = 13 - 14. Let n be d - (-1)/(-4)*0. Let r(o) = -9*o - 1. What is r(n)?
8
Let c(j) be the second derivative of -j**4/6 + j**3/3 - j**2/2 + j. Suppose 3*k = 47 + 13. Let n = k - 18. Calculate c(n).
-5
Let g = 1 - 6. Let x(y) = -y - 10. Calculate x(g).
-5
Let r(a) = -1 - 6*a + 1 - 2*a. What is r(1)?
-8
Let x be (-1 - 2)/((-6)/(-8)). Let s(g) = 5*g**2 - 2*g + 3. Let w(l) = 18*l**2 - 7*l + 10. Let u(p) = 7*s(p) - 2*w(p). Determine u(x).
-15
Let x(d) be the first derivative of -11*d**5/20 + d**3/6 + 5*d + 2. Let m(i) be the first derivative of x(i). Determine m(-1).
10
Let n(f) = f**2 - f + 1. Let m(z) = z**2 + 5. Let b(x) = -m(x) + 2*n(x). Suppose -5*q = -0*q - 20. Give b(q).
5
Let z = -5 - -9. Let s(k) be the third derivative of -k**6/120 + k**5/20 + k**4/6 - k**3/2 + 3*k**2. Give s(z).
-3
Let y(m) = -m**2 + 5*m + 2. Let l(i) = 6*i - 2*i**2 + 5 - i + 6*i. Let g(q) = 3*l(q) - 7*y(q). Let p(o) = o**2 - 3*o + 4. Let z be p(3). Calculate g(z).
9
Let n(x) = 18*x**2 + 2*x - 3. Let g(b) = -19*b**2 - 3*b + 4. Let j(z) = 2*g(z) + 3*n(z). What is j(-1)?
15
Let a(p) = -4*p**2 - 2*p - 1. Suppose -5*v - 5 - 5 = 0. Give a(v).
-13
Let x(m) = 1. Let g(k) = -k + 6. Let v(o) = g(o) - 5*x(o). Determine v(-3).
4
Let r be 10/(-5)*(2 - 1). Let q be (-3 - -8)*r/2. Let v(z) = -z + 1. Calculate v(q).
6
Let y be -4 - (-1)/(-1 - 0). Let n(z) = -z**3 - 4*z**2 + 5*z + 3. Determine n(y).
3
Let g(u) = u**2 + 4*u + 3. Let n be (-2)/3 - 148/(-6). Let o be -3*(-2 - n/(-9)). What is g(o)?
-1
Let s(o) = -o**3 - 6*o**2 + 2*o + 5. Suppose 2*w + 15 = 3. Give s(w).
-7
Suppose -3*t - 2*d - 2 = 0, -3*d + 0*d + 7 = 2*t. Let c(l) = -2*l**2 + 3*l - l**3 - 2*l**2 - 2*l. What is c(t)?
-4
Let v(u) = -u**2 + 3. Let f be (1 + 3)/(-8)*0. What is v(f)?
3
Suppose -15 = h + 2*h + 4*l, 5*l = -4*h - 19. Let r(c) = 0 - 1 - c + 2*c. Determine r(h).
-2
Let p(j) = j**2 + 7*j + 9. Suppose d = -5 - 1. Calculate p(d).
3
Let g(b) = -27*b + 27*b - 2*b**2 + b**3 + 0 - 1. Determine g(2).
-1
Let d(v) = 3*v - 5. Let g(k) = -k + 1. Let z(j) = -d(j) - 5*g(j). Let q be z(1). Let x(l) = -l**2 + 3*l - 3. Calculate x(q).
-1
Let q(r) be the first derivative of r**3/3 + 3*r**2/2 - r - 12. Calculate q(-3).
-1
Let a = -10 + 5. Let i(s) = s - 3. Let d be i(a). Let b = d - -12. Let o(f) = -2*f + 4. Calculate o(b).
-4
Let a(d) = d**3 - 5*d**2 - 2*d + 6. Let x be (-132)/150*-5 + (-6)/(-10). What is a(x)?
-4
Let d(a) be the third derivative of -a**5/60 - 5*a**4/24 - 21*a**2. What is d(-5)?
0
Let b(f) = 8*f**2 + 2*f + 1. Let t be b(-1). Let a(k) be the third derivative of -k**5/60 + 7*k**4/24 + 4*k**3/3 - 12*k**2 - 2. Calculate a(t).
8
Let p(q) = q - 1. Let h = -4 - 3. Let x = 7 + -2. Let a = h + x. Give p(a).
-3
Let c(s) = s**2 + 4*s + 3. Suppose 5*d + 11 = 3*p - 4, p = 3*d + 13. Give c(d).
15
Suppose 2*u + 1 - 7 = 0. Suppose -6*o = u + 9. Let p(s) = -2*s**2 - 2*s + 2. Give p(o).
-2
Let v(n) = -2*n**2 + 3*n - 1. Let u = -34 + 37. What is v(u)?
-10
Let o(g) = 6*g**3 - g**2 - 5*g + 2. Let w(t) = -5*t**3 + t**2 + 4*t - 2. Let k(v) = 6*o(v) + 7*w(v). What is k(-2)?
-2
Let t(h) = h**2 - 7*h + 7. Let v(w) = w + 12. Let l be v(0). Suppose o + 4*u + 3 = -l, -5*o + 40 = -3*u. Determine t(o).
-3
Let b(k) be the third derivative of k**5/60 - k**4/6 + k**3 + 3*k**2. Suppose 4*t + 4*c - 12 = 0, 5*c - 1 = -26. Let o = -4 + t. What is b(o)?
6
Let j(c) be the second derivative of -c**4/12 - c**3/6 + c**2/2 - c. Determine j(-1).
1
Let b(n) = -3*n - 10*n**2 + 11*n**2 + 3 + 0*n. Give b(4).
7
Suppose 0 = -4*q + q + 6. Let a(s) = -s - s**3 + 3*s + 3*s**q - 4*s + 4 + 4*s. Calculate a(4).
-4
Suppose 3*b = t - 2*b - 12, -b - 10 = -4*t. Let s(k) = -k. Give s(t).
-2
Let l(j) = 3*j - 8. Suppose 3*c + 8 = -10. Let w(h) = h - 3. Let u(t) = c*l(t) + 17*w(t). Let v(n) = -n - 7. Let g be v(-7). Calculate u(g).
-3
Let b = 2 - -3. Let a(d) = -d - 1. Let m(s) = 4*s - 2. Let l(k) = -3*a(k) - m(k). Determine l(b).
0
Suppose -g - 2 = -3*g, 4*h - 4*g + 28 = 0. Let j = h - -10. Let q = j + 1. Let d(a) = -a**2 + 5*a + 7. Give d(q).
7
Let l(h) be the first derivative of h**4/4 + 5*h**3/3 - h**2/2 - 3*h + 27. Calculate l(-5).
2
Suppose 7*z + 19 = 5. Let h(w) = -w**2 - 4*w - 3. What is h(z)?
1
Suppose 0 = -f + 5*m - 4, 0*m = 3*f + 3*m + 12. Let c = -4 + 6. Let a(l) = c*l - 2*l - l. Calculate a(f).
4
Suppose -4 = 5*t - 19. Let d(b) = 2*b - 2 - b - 5*b. Determine d(t).
-14
Let g be -7 - (-10 - -4)*2/3. Let z(k) = -k**3 - 4*k**2 - 3*k + 1. What is z(g)?
1
Let n = 28 + -20. Suppose -n = -8*d + 6*d. Let z(h) = -h + 8. Calculate z(d).
4
Let c(p) be the third derivative of p**5/120 + p**4/8 + p**3/3 - 2*p**2. Let x(t) be the first derivative of c(t). Give x(0).
3
Suppose -13 + 5 = -2*w. Let x(n) = -w*n + 3*n + 2*n + 1. Calculate x(-4).
-3
Let g(x) = -x**3 - x + 1. Let u(l) = 5*l**3 - l**2 + 5*l + 2. Let o(b) = 4*g(b) + u(b). Let v(k) = -k**2 - 5*k + 10. Let j be v(-7). Let d = 4 + j. Give o(d).
6
Let y(p) be the third derivative of p**6/120 - p**5/10 - 7*p**4/24 - p**3/2 + 2*p**2. Let l be y(7). Let o(u) = u**2 + 6*u + 1. What is o(l)?
-8
Let l(q) = 7 - 1 - 9 + 2*q**2. Determine l(-3).
15
Let z(b) = -b**2 - 6*b + 7. Let y be 35/(-5) + (1 - 2). Calculate z(y).
-9
Let z = 2 - 5. Let n(f) = -f**2 - 3*f + 3. Let a be n(-3). Let c(s) = 9